t h(y) = -y**2 + y + 32. Let k be h(0). Let c = k - 14. What is the highest common factor of 2 and c?
2
Let l = -6 + 8. Suppose -x - 12 = 2*z + 2*z, 5*x + 6 = -l*z. Let g be 100/z*(-15)/10. Calculate the greatest common divisor of g and 10.
10
Let p be (-42)/4*44/(-6). What is the greatest common divisor of 11 and p?
11
Suppose 0*b = 3*b - 336. Suppose -2*h + 0*h + b = 0. Calculate the greatest common factor of h and 7.
7
Let h be (-12)/(-66) - 522/(-33). Suppose -3 + 13 = -5*k. Let t be k + (-2 - 16)*-9. Calculate the greatest common factor of t and h.
16
Let b be (-4)/(-10) + (-1749)/(-15). Suppose -7*z + 4*z = -39. What is the highest common factor of z and b?
13
Suppose -13 = -2*o + 207. Let p = -50 + o. Suppose 2*w = s - 5*s + 100, 0 = w - 3*s - 25. What is the highest common divisor of p and w?
20
Let d = 26 - -7. Suppose 0 = 4*t - 3*o - d, -3*t - 2*t - 4*o = -18. Calculate the greatest common divisor of t and 42.
6
Let a be 1/(-1 + 500/495). What is the greatest common divisor of 66 and a?
33
Let j be 8 - 1 - ((-2)/(-1) - -1). What is the highest common divisor of j and 32?
4
Let x(r) = 3*r**3 - r**3 - 4*r**2 + r**3 - 3*r - 2*r**3 - 4. Let z be x(5). Let a be 141/15 - 4/10. Calculate the greatest common factor of a and z.
3
Let r be (52/(-6))/((-4)/12). What is the highest common factor of 39 and r?
13
Let m(w) = w**3 + 4*w**2 - 4*w - 4. Let a be m(-5). Let f be (-6)/27 - (-50)/(-18). Let v be f/a*3 - -103. Calculate the greatest common factor of 13 and v.
13
Suppose -3*g - 2*g + 65 = 0. Suppose -6*h + 3*s = -2*h - 40, 3*s + 12 = 0. Let u = 32 + h. What is the greatest common divisor of g and u?
13
Let q(m) = 4*m**2 + 7*m - 2. Let h be q(-5). Calculate the highest common divisor of 9 and h.
9
Suppose 7*s + 1751 = 1961. Let q(y) = 24*y - 3. Let w be q(2). Calculate the greatest common factor of s and w.
15
Suppose -o + 130 = 2*m, -3*m + 4*m + 4*o - 65 = 0. What is the highest common factor of m and 13?
13
Suppose -3*v - 2*l = -5*l + 120, -192 = 5*v + 3*l. Let o = v - -87. Calculate the greatest common divisor of 12 and o.
12
Let i be 40/(-60) + 14/3. Let v be ((-14)/4)/(3/6). Let c = v - -13. What is the greatest common divisor of i and c?
2
Let g = 86 - 82. What is the highest common factor of g and 36?
4
Let n(m) be the second derivative of -2*m**3/3 - 3*m**2 - 4*m. Let j be n(-6). Calculate the highest common divisor of 12 and j.
6
Let z(g) = -g + 2. Suppose -5*d = 3*j - 8, 7*d = 2*j + 3*d + 2. Let i be z(j). Let n be 1/i*(216 + 4). Calculate the highest common divisor of 20 and n.
20
Let w(r) = r**3 + 6*r**2 - 3*r - 8. Let u be w(-4). What is the highest common factor of 27 and u?
9
Let p = 49 + -27. What is the highest common factor of p and 22?
22
Suppose -4*u = 5*h - 455, -12*u + 17*u - 590 = -2*h. Calculate the greatest common divisor of 48 and u.
24
Suppose -4*j - 3 = -5*j. Let w be j*(1 + (-5)/3). Let n(m) = -14*m**3 + 2*m**2 + 1. Let v be n(w). What is the highest common factor of v and 11?
11
Let w(c) be the third derivative of -c**5/60 - 13*c**4/24 - 4*c**3/3 + 3*c**2. Let k be w(-9). What is the greatest common divisor of 84 and k?
28
Suppose -m - 3*u + 28 = 0, 7*m - 192 = 2*m - 2*u. Let a = 13 + -5. What is the greatest common factor of m and a?
8
Suppose 2*v - 10 = -2*w, 1 = 2*w - 3*v + 2*v. Let i be 2/4 - (-39)/w. What is the highest common divisor of 10 and i?
10
Let h be ((-2)/(-5))/((-1)/(-5)). Suppose 3*u - 6 = 0, 2*c + h*c - u - 46 = 0. What is the greatest common divisor of 30 and c?
6
Let d = -18 - -28. Let t be (48/(-2))/(2/(-5)). Suppose 0 = w + 2*w - t. Calculate the greatest common factor of d and w.
10
Let r = 23 - 8. Calculate the highest common factor of r and 5.
5
Let i = -104 - -115. Calculate the highest common factor of i and 99.
11
Let t = 6 + -1. Suppose t + 3 = 4*i. Suppose 0 = i*q - 3*q + 33. Calculate the greatest common divisor of q and 22.
11
Suppose 55 = 3*c + 2*q + 9, 0 = -4*c + 4*q + 48. Let d(u) = -u**2 + 16*u - 8. Let m be d(c). Suppose -2 = -h + 2. What is the highest common factor of m and h?
4
Let p be (-72)/(-15) + 2/10. Suppose 8 = -2*i, q + p*i - 5 = 2*i. Calculate the greatest common divisor of q and 85.
17
Suppose 2*s - 9 = 9. Suppose 0*q + 4*q = 2*j - 16, 2*j = -q + 1. Suppose 0 = 5*p, 0 = -2*a - j*a - 2*p + 180. What is the greatest common divisor of a and s?
9
Let g(m) = 3*m**2 + 4*m - 8. Let s be g(-4). Calculate the greatest common factor of 240 and s.
24
Let t(n) = n**2 - 5*n - 4. Let c be t(7). What is the greatest common divisor of c and 90?
10
Let m = -106 - -40. Let k be (-4)/(-6) - m/9. Let y = 18 - k. Calculate the highest common divisor of y and 4.
2
Let w = -43 + 75. Let g be w/(-15)*-3*5. Calculate the highest common factor of g and 4.
4
Let o be (3 + 2)*(-2 + 8). Let v = 4 - 2. Suppose 4*x + 36 = 2*m + v*x, -2*m - x = -27. What is the highest common divisor of o and m?
15
Let h(a) = a**3 - 4*a**2 + 3*a + 4. Let g be h(3). Suppose -g*l = -33 - 159. Calculate the greatest common divisor of 12 and l.
12
Let a = -1 + 7. Let y = -9 - -39. What is the highest common divisor of y and a?
6
Let x(y) = -y - 2 + 6*y**2 + 5*y - 4 - 4*y**2. Let p be x(-7). Calculate the greatest common divisor of p and 8.
8
Let b = -24 + 43. Calculate the highest common divisor of 171 and b.
19
Let u(s) = -s**3 - 14*s**2 - 18*s - 11. Let i be u(-13). What is the greatest common factor of i and 162?
54
Let a be -2*1/((-3)/(-15)). Let c be (-1122)/(-5) - 6/a. Calculate the greatest common factor of 25 and c.
25
Suppose i + 4*s = -46 + 178, 125 = i - 3*s. What is the highest common factor of 16 and i?
16
Let u(p) = -30*p + 1. Let c be (-33)/(-27) + 4/(-18). Let t be u(c). Let m = -21 - t. What is the highest common divisor of m and 40?
8
Let z = 7 - 4. Calculate the greatest common divisor of z and 2.
1
Let j = -5 + 14. Let m be ((-3)/2)/(3/(-72)). What is the greatest common factor of m and j?
9
Let p(c) = -c**2 - 10*c - 6. Let k be p(-7). Suppose -k = -a + 3. Suppose 7*r - 4*r = 135. Calculate the greatest common factor of a and r.
9
Suppose 4*m = 136 - 28. Let q(g) = -5*g + 4*g + 1 + 2*g + 0*g. Let n be q(2). Calculate the greatest common factor of m and n.
3
Let j(f) = -f**2 + 4*f + 3. Let w(x) = -2*x - 8. Let i be w(-6). Let h be j(i). What is the greatest common factor of h and 6?
3
Let d be (3 - 4)/((-2)/(-118)). Let r be (237/12)/(2/16). Let a = r + d. Calculate the greatest common factor of 11 and a.
11
Let y(k) = k + k**2 - 4*k + 4 + 2*k. Let b be y(5). What is the greatest common factor of 168 and b?
24
Let w(n) = -3*n - 8. Let o(v) = -6*v - 15. Let q(a) = 4*o(a) - 7*w(a). Let u = -18 - -10. Let z be q(u). Calculate the greatest common factor of z and 10.
10
Suppose 2*o + 0*o - 168 = 0. Let w = -136 + 148. Calculate the highest common factor of w and o.
12
Let v(n) = 4*n - 8. Suppose -4*w = -0*w - 24. Let l be v(w). Calculate the greatest common factor of l and 112.
16
Let i = 3 + 1. Calculate the greatest common factor of i and 1.
1
Let y be (-9)/15 + (-2 - 153/(-5)). What is the highest common factor of y and 140?
28
Suppose -5*a + 4*v + 51 = -54, 4*a + v - 105 = 0. Calculate the highest common divisor of a and 5.
5
Let o = -92 - -188. Let n(q) = q**3 - 15*q**2 + 2*q - 18. Let x be n(15). Calculate the highest common factor of o and x.
12
Suppose 0 = -3*f + f + 18. Suppose -12 = -3*d - 0. Suppose -d*i + 255 = 3. Calculate the greatest common divisor of f and i.
9
Suppose 0 = -4*u + 20 + 48. What is the highest common divisor of 51 and u?
17
Let j(u) = 6*u**2 - 14*u + 10. Let d be j(5). Calculate the greatest common divisor of d and 15.
15
Let l(v) = 5*v - 10. Let q be l(9). What is the highest common divisor of q and 385?
35
Let o(z) = -z + 2. Suppose -6*f + 5*f = -4*x + 13, 0 = -x + 2. Let u be o(f). What is the greatest common factor of u and 77?
7
Let a(j) = -j + 10. Let s be a(7). Suppose -s*o = o. Suppose o = -3*z - 0*z, -3*g + 48 = -z. Calculate the greatest common divisor of g and 4.
4
Let y(j) = -j + 13. Let s be y(8). Let z(g) = -2*g - 5. Let p be z(-5). Calculate the greatest common factor of p and s.
5
Suppose 3*l = h - 0*h + 12, 3*l - 12 = -4*h. Suppose v - 4 = 0, 38 = -h*g + 3*g + 2*v. Let o = 18 - g. What is the greatest common divisor of 88 and o?
8
Let z(m) = -m**3 -